 126 = -3*k + 753, -1055 = -5*k - 5*t. Calculate the highest common divisor of k and u.
42
Let h(a) = 2*a**2 - 54*a - 346. Let b be h(33). What is the greatest common factor of 230 and b?
10
Let u be 3 + -3 - (-5 + 2). Suppose u*p = 4*y - 279, -84 = -y + 4*p + 2. What is the highest common divisor of y and 11?
11
Let v = 67 + -42. Suppose -3*c = -b - 13, -5*b = 2*c + c - v. Let u be -6*(-39)/18*b. What is the highest common divisor of u and 65?
13
Let r = 30 + -22. Suppose r + 22 = 3*a. What is the highest common divisor of a and 110?
10
Suppose -2*w + 22 + 0 = -2*d, 5*d = -5*w + 65. Let y = 697 - 681. Calculate the greatest common factor of w and y.
4
Suppose 2*s - 31 = 241. Let t(f) = f**3 - 15*f**2 + 2. Let x be t(15). Suppose x*n - 8 = 26. Calculate the greatest common divisor of s and n.
17
Suppose -441*x + 442*x - 4*d - 190 = 0, 0 = -2*x - 5*d + 406. Let g = -19 + 41. What is the highest common divisor of g and x?
22
Suppose 33*z - 56 = 32*z. Let t = -52 + z. What is the greatest common factor of t and 20?
4
Let s(z) = 496*z**3 - 3*z**2 + 3*z - 2. Let u be s(1). Calculate the greatest common factor of 114 and u.
38
Let s = 45 + -29. Calculate the greatest common divisor of 56 and s.
8
Suppose 0 = l + 3*l - 68. Let x(d) = -d**2 + 19*d - 10. Let b be x(13). Calculate the greatest common divisor of l and b.
17
Let s = 124 + 35. Suppose -s + 24 = -3*x. Calculate the highest common divisor of 15 and x.
15
Suppose 2*t + 8 = -f, -f - 69*t = -72*t - 17. Let m be (-4)/10 - (-660)/25. Calculate the greatest common divisor of m and f.
2
Let l be (-9)/6*(-3116)/123. Calculate the greatest common divisor of 18 and l.
2
Let s = 136 - 59. Let h(c) = 2*c**2 - 30*c + 59. Let p be h(2). What is the highest common factor of p and s?
7
Let q = -8 - -10. Suppose 0 = q*u - 362 + 138. Let a be 1*3/((-12)/(-64)). Calculate the highest common divisor of a and u.
16
Suppose 25 = 4*u - 23. Suppose 0 = -0*r - 4*r + 816. Calculate the greatest common factor of r and u.
12
Suppose 0*v - 5*y - 58 = -2*v, -3*v - 4*y + 64 = 0. Calculate the greatest common factor of v and 516.
12
Let u be -2 - (-7 - 0/1). Suppose n = u*p - 1390, 0 = p + 3*n - 261 - 33. What is the greatest common factor of p and 31?
31
Let h = -1207 + 1213. Calculate the highest common factor of h and 82.
2
Let g = 31 + -30. Suppose -d + q - g = 2*q, q = -5*d + 15. Calculate the greatest common divisor of 8 and d.
4
Suppose 15*s = -129 + 39. Let d be 40/(-16)*(-32 + s/(-3)). Calculate the highest common divisor of d and 30.
15
Suppose -c + 2*c - 28 = 0. Let x be 2/7 - (-1140)/c. Calculate the greatest common divisor of x and 164.
41
Suppose 3*b - 3*r - 51 = 0, 5*b - r = 4 + 77. Suppose 438 = -3*o + 2*f, -2*o - 292 = -0*o + 4*f. Let h = -82 - o. What is the greatest common factor of h and b?
16
Let w be 3/12*2*26. Let f be (729/(-36))/(3/8). Let g = f - -145. Calculate the highest common factor of w and g.
13
Let f be (-11)/(-2)*(15 + -13). Suppose r = 33 + f. What is the greatest common divisor of r and 4?
4
Let g = 2579 + 41. Let w be g/100 + (22/(-10) - -2). What is the highest common divisor of 26 and w?
26
Suppose 112 = 5*r - 213. Suppose 0 = -21*u + 547 - 1. Calculate the highest common factor of r and u.
13
Suppose 151*j = 141*j + 20580. Calculate the greatest common factor of 14 and j.
14
Let q(v) = v**3 - 9*v + 8. Let l be q(4). Let k = l + -18. Suppose -3*c = 4*z - 5 - 4, 3*c + 15 = 0. Calculate the highest common divisor of z and k.
6
Suppose -37 = 8*c - 325. Suppose v = -5*u - 8 + 32, 4*v + u - 1 = 0. Let a be 3 + -2 - 3*v. What is the highest common factor of a and c?
4
Suppose -2*y + 37 = 1. Let s = 220 - 148. Calculate the greatest common factor of s and y.
18
Suppose 12*g = 11*g - 2*k + 25, 0 = 3*g + k - 80. What is the greatest common factor of g and 153?
9
Let o = -77 - -139. Suppose -4*z + 94 + o = 0. What is the greatest common factor of 351 and z?
39
Let j(a) = 3*a - 33. Let l be j(18). What is the greatest common divisor of l and 483?
21
Suppose 506 = 2*m + 21*m. Suppose 0 = 6*w - 4*w. Suppose -5*s + 165 = -w*s. What is the highest common factor of m and s?
11
Suppose -14*n = -6*n - 288. Let u = -28 + n. What is the greatest common divisor of 80 and u?
8
Suppose 3*x - 2 = 4*n, -7 + 3 = 2*n - 3*x. Let p(w) = -w**2 + 4*w - 2. Let k be p(3). What is the greatest common factor of k and n?
1
Let f be (-44)/6*297/(-3). Let b(y) = -24*y - 30. Let n be b(20). Let x = f + n. Calculate the greatest common divisor of 24 and x.
24
Let q be (-54)/(2 - (0 - -3)). Let o be ((-3 - -5) + 28)/((-6)/(-27)). What is the greatest common divisor of o and q?
27
Suppose 10 = -3*o + 28. Let m(d) = 0 - o + 5*d - 5 + d**2. Let u be m(-8). What is the highest common factor of u and 91?
13
Let h = -197 - -198. Let c(p) = 3 + 92*p**2 - 16*p**2 - 2. Let g be c(h). What is the greatest common divisor of g and 7?
7
Suppose -186 = -59*s + 53*s. Calculate the highest common divisor of 93 and s.
31
Let g be (-633)/(-5) - (-3)/(-5). Suppose 0 = f - g. What is the greatest common factor of 14 and f?
14
Suppose 80 = 3*l + 4*x, 0*l = 2*l + 2*x - 50. What is the greatest common factor of l and 470?
10
Suppose -17*l + 2339 = -2013. Suppose -l = -3*w - 2*w + 2*h, 5*w - 4*h = 252. Calculate the greatest common factor of w and 4.
4
Suppose 5*h + 3*t = 266 + 739, 10 = -2*t. Suppose 5*f - 704 = -h. Calculate the highest common divisor of 20 and f.
20
Let n(b) = 3*b**2 - 8*b + 5. Let u be n(5). Let z be ((-9 + 4)/5)/((-3)/135). Let s be ((z/(-6))/3)/((-6)/12). What is the highest common divisor of u and s?
5
Suppose -20 = 2*n - 6*n. Suppose 276 = n*a - 309. Suppose -w - 16 = -d, 3*w + 12 = -w. What is the greatest common factor of a and d?
13
Suppose -2*m = 3*m - 585. Suppose -m - 117 = -3*r. Calculate the highest common divisor of 26 and r.
26
Let l = 79 + -49. Suppose -4*z + 50 = 3*f, -23 + 26 = -3*z. What is the highest common divisor of f and l?
6
Let o be 272/5 - 8/20. Suppose -2*b - o = -0*b + 4*f, 81 = -3*b - 5*f. Let u be -1*3*36/b. What is the greatest common divisor of u and 1?
1
Let w(k) = k + 28. Let o be w(-15). Calculate the greatest common divisor of o and 13.
13
Suppose 0*p = -5*p + 15. Suppose p*c - 85 = 98. Let f = 89 - c. What is the greatest common factor of f and 14?
14
Let f = -153 + 180. What is the highest common factor of f and 135?
27
Let t = -1 - -14. Suppose -t = 6*f - 37. Suppose 24 = 3*m + 3*o + 3, 13 = m + f*o. What is the highest common divisor of 10 and m?
5
Let a = 10 - 11. Let d be 27/((-3)/(a + -2)). What is the highest common divisor of 54 and d?
27
Let l = 1178 + -1120. Calculate the greatest common divisor of l and 1334.
58
Let k be (0 + 1)*3 + (2 - 2). Suppose -m + k*z = 0, -30 = -4*m - 3*z + 30. Calculate the greatest common divisor of 8 and m.
4
Suppose 7*s - 48 = -5*s. Let a be 5 - (-74)/s*2. Calculate the highest common divisor of a and 21.
21
Let f = -1336 - -2428. What is the highest common divisor of f and 63?
21
Suppose -5*q + 3*m = -124, -3*q = -4*q + 2*m + 22. Suppose 0 = -5*o + 14 + q. What is the highest common divisor of o and 72?
8
Suppose -2*k = k - 6. Let d be k/(-5) + (-8336)/(-40). What is the highest common factor of d and 26?
26
Let u(j) = -j**3 + 4*j**2 + j + 4. Let i be u(4). Let f(a) = a**2 + 7*a - 27. Let c be f(-10). Let t be 4/c*3/2. What is the highest common divisor of t and i?
2
Let a(l) = 40*l**2 - 2*l - 3. Let b be a(-1). Calculate the highest common factor of b and 325.
13
Let n(o) = -o**2 + o + 4. Let j be n(0). Suppose 0 = j*b - 2*b - 396. Let x be 3*((-220)/(-6))/5. Calculate the greatest common factor of b and x.
22
Let q(b) = b - 1. Let a(z) = 46*z - 8. Let y(x) = -a(x) + 3*q(x). Suppose 0 = -0*l + 4*l + 20. Let d be y(l). Calculate the highest common factor of 20 and d.
20
Let r be ((-9828)/(-390))/(3/20). What is the highest common factor of 126 and r?
42
Let r(f) = 3*f - 7. Let p be r(3). Let x = -2 + 6. Suppose -5*s + s + p*c = 0, 0 = x*c - 8. Calculate the greatest common factor of s and 2.
1
Let j = -52 - -56. Suppose 3*p = w + j*w + 44, 4*p = -5*w + 12. What is the greatest common factor of p and 1?
1
Let r(m) = -m - 7. Suppose 65 + 25 = -5*c - 5*s, 42 = -3*c + 3*s. Let v be r(c). What is the greatest common factor of v and 1?
1
Suppose 0 = 5